of 570.
2, 3, 5, 19
List the prime factors of 173.
173
List the prime factors of 27817.
27817
What are the prime factors of 22117?
17, 1301
What are the prime factors of 60649?
60649
List the prime factors of 1508.
2, 13, 29
List the prime factors of 22072.
2, 31, 89
List the prime factors of 35917.
7, 733
What are the prime factors of 1290?
2, 3, 5, 43
What are the prime factors of 174637?
174637
List the prime factors of 1124.
2, 281
What are the prime factors of 38?
2, 19
List the prime factors of 5721.
3, 1907
What are the prime factors of 1926?
2, 3, 107
What are the prime factors of 1491?
3, 7, 71
What are the prime factors of 3459?
3, 1153
List the prime factors of 3411.
3, 379
What are the prime factors of 614?
2, 307
List the prime factors of 27309.
3, 9103
List the prime factors of 1730.
2, 5, 173
What are the prime factors of 27835?
5, 19, 293
List the prime factors of 112703.
43, 2621
List the prime factors of 4305.
3, 5, 7, 41
What are the prime factors of 929?
929
What are the prime factors of 3433?
3433
What are the prime factors of 57544?
2, 7193
List the prime factors of 14510.
2, 5, 1451
List the prime factors of 290.
2, 5, 29
List the prime factors of 882.
2, 3, 7
What are the prime factors of 7367?
53, 139
What are the prime factors of 22548?
2, 3, 1879
List the prime factors of 21364.
2, 7, 109
List the prime factors of 51450.
2, 3, 5, 7
What are the prime factors of 6929?
13, 41
What are the prime factors of 6499?
67, 97
What are the prime factors of 6433?
7, 919
What are the prime factors of 44179?
44179
List the prime factors of 34580.
2, 5, 7, 13, 19
List the prime factors of 27371.
101, 271
List the prime factors of 813.
3, 271
What are the prime factors of 2562?
2, 3, 7, 61
List the prime factors of 5099.
5099
List the prime factors of 2392.
2, 13, 23
What are the prime factors of 1764?
2, 3, 7
What are the prime factors of 26217?
3, 971
What are the prime factors of 142292?
2, 35573
List the prime factors of 2835.
3, 5, 7
What are the prime factors of 327?
3, 109
List the prime factors of 1696.
2, 53
List the prime factors of 6989.
29, 241
List the prime factors of 25810.
2, 5, 29, 89
List the prime factors of 7777.
7, 11, 101
List the prime factors of 74821.
74821
What are the prime factors of 1468?
2, 367
List the prime factors of 6777.
3, 251
List the prime factors of 1084.
2, 271
What are the prime factors of 1026?
2, 3, 19
What are the prime factors of 100600?
2, 5, 503
What are the prime factors of 705?
3, 5, 47
List the prime factors of 43116.
2, 3, 3593
What are the prime factors of 15543?
3, 11, 157
List the prime factors of 8495.
5, 1699
List the prime factors of 3849.
3, 1283
List the prime factors of 63965.
5, 11, 1163
What are the prime factors of 1897?
7, 271
What are the prime factors of 109493?
223, 491
List the prime factors of 4314.
2, 3, 719
What are the prime factors of 91320?
2, 3, 5, 761
What are the prime factors of 193?
193
List the prime factors of 1190.
2, 5, 7, 17
What are the prime factors of 295?
5, 59
What are the prime factors of 161?
7, 23
What are the prime factors of 191?
191
List the prime factors of 174.
2, 3, 29
What are the prime factors of 81886?
2, 7, 5849
What are the prime factors of 2986?
2, 1493
What are the prime factors of 4880?
2, 5, 61
What are the prime factors of 7698?
2, 3, 1283
What are the prime factors of 6214?
2, 13, 239
List the prime factors of 3521.
7, 503
List the prime factors of 676.
2, 13
What are the prime factors of 98376?
2, 3, 4099
List the prime factors of 984.
2, 3, 41
What are the prime factors of 3007?
31, 97
What are the prime factors of 39939?
3, 13313
What are the prime factors of 4979?
13, 383
What are the prime factors of 44566?
2, 22283
List the prime factors of 18233.
18233
What are the prime factors of 64359?
3, 7151
What are the prime factors of 85351?
7, 89, 137
What are the prime factors of 6589?
11, 599
What are the prime factors of 6638?
2, 3319
List the prime factors of 33.
3, 11
What are the prime factors of 35107?
35107
What are the prime factors of 9365?
5, 1873
List the prime factors of 77090.
2, 5, 13, 593
What are the prime factors of 42309?
3, 1567
What are the prime factors of 3521?
7, 503
List the prime factors of 177811.
177811
List the prime factors of 5667.
3, 1889
List the prime factors of 15494.
2, 61, 127
List the prime factors of 2012.
2, 503
List the prime factors of 16854.
2, 3, 53
What are the prime factors of 12555?
3, 5, 31
What are the prime factors of 1904?
2, 7, 17
What are the prime factors of 177752?
2, 17, 1307
What are the prime factors of 1118?
2, 13, 43
List the prime factors of 57.
3, 19
What are the prime factors of 867?
3, 17
What are the prime factors of 7111?
13, 547
What are the prime factors of 1420?
2, 5, 71
What are the prime factors of 17003?
7, 347
List the prime factors of 88035.
3, 5, 5869
What are the prime factors of 15885?
3, 5, 353
What are the prime factors of 14121?
3, 523
What are the prime factors of 51?
3, 17
What are the prime factors of 32236?
2, 8059
What are the prime factors of 132?
2, 3, 11
List the prime factors of 17384.
2, 41, 53
What are the prime factors of 13525?
5, 541
List the prime factors of 80665.
5, 13, 17, 73
What are the prime factors of 649?
11, 59
What are the prime factors of 3701?
3701
What are the prime factors of 843?
3, 281
What are the prime factors of 1071?
3, 7, 17
List the prime factors of 6004.
2, 19, 79
List the prime factors of 22837.
41, 557
List the prime factors of 69732.
2, 3, 13, 149
List the prime factors of 8522.
2, 4261
What are the prime factors of 622?
2, 311
List the prime factors of 852.
2, 3, 71
List the prime factors of 1222.
2, 13, 47
List the prime factors of 1815.
3, 5, 11
List the prime factors of 66977.
66977
List the prime factors of 87203.
29, 31, 97
What are the prime factors of 96085?
5, 11, 1747
What are the prime factors of 900?
2, 3, 5
What are the prime factors of 31387?
31387
List the prime factors of 2825.
5, 113
What are the prime factors of 199?
199
What are the prime factors of 1307?
1307
List the prime factors of 54879.
3, 11, 1663
List the prime factors of 5235.
3, 5, 349
What are the prime factors of 4690?
2, 5, 7, 67
List the prime factors of 448.
2, 7
What are the prime factors of 81979?
73, 1123
List the prime factors of 5946.
2, 3, 991
List the prime factors of 10989.
3, 11, 37
List the prime factors of 3582.
2, 3, 199
List the prime factors of 713.
23, 31
List the prime factors of 8797.
19, 463
List the prime factors of 7184.
2, 449
List the prime factors of 11760.
2, 3, 5, 7
What are the prime factors of 81415?
5, 19, 857
List the prime factors of 147724.
2, 36931
What are the prime factors of 49168?
2, 7, 439
What are the prime factors of 5054?
2, 7, 19
What are the prime factors of 59493?
3, 7, 2833
List the prime factors of 1862.
2, 7, 19
What are the prime factors of 1016?
2, 127
What are the prime factors of 6585?
3, 5, 439
List the prime factors of 1449.
3, 7, 23
What are the prime factors of 13446?
2, 3, 83
What are the prime factors of 23254?
2, 7, 11, 151
List the prime factors of 2743.
13, 211
List the prime factors of 4289.
4289
What are the prime factors of 3975?
3, 5, 53
What are the prime factors of 15578?
2, 7789
List the prime factors of 568.
2, 71
List the prime factors of 10711.
10711
List the prime factors of 54223.
13, 43, 97
List the prime factors of 1469.
13, 113
What are the prime factors of 1855?
5, 7, 53
List the prime factors of 9601.
9601
List the prime factors of 1852.
2, 463
What are the prime factors of 31886?
2, 107, 149
List the prime factors of 3996.
2, 3, 37
List the prime factors of 266.
2, 7, 19
What are the prime factors of 178135?
5, 23, 1549
What are the prime factors of 17665?
5, 3533
What are the prime factors of 78297?
3, 26099
List the prime factors of 1054.
2, 17, 31
What are the prime factors of 34057?
34057
What are the prime factors of 34814?
2, 13, 103
List the prime factors of 1040.
2, 5, 13
What are the prime factors of 17553?
3, 5851
List the prime factors of 48998.
2, 24499
What are the prime factors of 365?
5, 73
List the prime factors of 18369.
3, 13, 157
List the prime factors of 68656.
2, 7, 613
List the prime factors of 5719.
7, 19, 43
What are the